(g) = 3*g - 16. Let y be h(6). Calculate the greatest common divisor of y and 4.
2
Let y(g) = g + 2. Let l be y(5). Let r = 23 - l. What is the highest common factor of 48 and r?
16
Suppose 2*m = 3*o + 150, 2*o + 78 = m - o. Suppose 3 + 21 = 2*l. What is the greatest common factor of m and l?
12
Let r = 101 + -80. Calculate the highest common divisor of r and 21.
21
Suppose -2*x + 48 = 3*w, -5*x + 65 = -2*x + w. Let z = x + -9. Let r = 120 - 36. Calculate the greatest common divisor of z and r.
12
Let d(z) = -13*z - 13. Let h(o) = -6*o - 6. Let i(y) = 4*d(y) - 9*h(y). Let m be i(11). What is the greatest common factor of 60 and m?
12
Suppose 9 = 4*x - 35. Calculate the highest common divisor of x and 22.
11
Let n(d) = d**3 - 3*d**2 - 2*d + 5. Let y be n(5). What is the highest common divisor of y and 9?
9
Let b(p) = -2*p + 9*p + 15*p - 4*p. Let w be b(2). What is the greatest common divisor of w and 12?
12
Suppose 0 = -2*p + 5*n + 1 - 4, 3*p + 5*n = -42. Let s = p - 32. Let u = s - -59. Calculate the greatest common divisor of u and 162.
18
Let r(a) = a**2 - 15*a - 2. Let i be r(16). Calculate the highest common factor of i and 14.
14
Let w be (-5*4)/((-6)/12). Calculate the greatest common factor of 5 and w.
5
Suppose -3*g + 2*g = 0. Let z(f) = f**2 + f + 5. Let x be z(g). Let p = x - -4. Calculate the highest common divisor of p and 72.
9
Let h(r) = 2*r**2 + 8*r - 10. Let z be h(-8). Let l be (-1)/(-4) - (0 - 23/4). Calculate the highest common factor of l and z.
6
Let v = 15 - 11. Let r = -101 - -145. What is the greatest common factor of v and r?
4
Let s(q) be the first derivative of q**3/3 + 22*q - 3. Let v be s(0). What is the highest common divisor of 55 and v?
11
Suppose -23 = -5*l + 7. Suppose -72 = -2*w - w. What is the highest common divisor of l and w?
6
Let k(h) = 1 - 1 - 9*h**2 - h - 5*h**3 + 4*h**3. Let o be k(-9). What is the highest common factor of 81 and o?
9
Let c = -4 + 10. Calculate the greatest common divisor of 6 and c.
6
Let v = -262 + 442. Calculate the greatest common divisor of 20 and v.
20
Suppose -p + 58 = 4*p - 2*a, 4*p - 44 = 4*a. Let l(s) = -s**3 - 21*s**2 + s + 69. Let r be l(-21). Calculate the greatest common factor of r and p.
12
Suppose -2*d - n - 1 = d, -4*n = 16. Let z(l) = 0*l + 0*l + l**2 - l - l + d. Let t be z(2). Calculate the greatest common divisor of t and 2.
1
Let j = 139 + -51. Calculate the highest common factor of 66 and j.
22
Suppose 5 = -q - 3*m, -3*q - 5*m - 7 = -0*q. Calculate the highest common divisor of 13 and q.
1
Suppose 7*a = 500 + 403. What is the greatest common factor of a and 43?
43
Let m be 1 - (2 + (-20)/4). Suppose 28 = m*p - 32. What is the greatest common factor of 5 and p?
5
Let v(t) = t**2 + 2. Let r = -3 - -6. Let z be v(r). Calculate the highest common divisor of 11 and z.
11
Suppose 11*b = -88 + 792. What is the greatest common divisor of 16 and b?
16
Let o(w) = 145*w**2 - 4*w - 1. Let d be o(1). What is the greatest common divisor of d and 7?
7
Let w be -64*3*5/(-30). Calculate the greatest common divisor of w and 144.
16
Let c = 6 - 11. Let u = 22 + c. Calculate the highest common factor of 187 and u.
17
Let k(f) = -4*f + 6. Let j be k(-6). Calculate the highest common divisor of 15 and j.
15
Let a(j) = 3*j - 4. Suppose 6*t = 3*y + 3*t, -5*y + 32 = 3*t. Let c be a(y). Calculate the greatest common factor of 72 and c.
8
Let r(s) = -3*s - 24. Let k be r(-14). Suppose -3*o - 3*p = 15, 2*p = 5*o + 1 - 11. Let v = o - -12. Calculate the highest common divisor of v and k.
6
Let m = -12 + 17. Suppose -26 - 3 = -2*z - m*y, 0 = z + y - 10. What is the greatest common factor of 1 and z?
1
Suppose -u - 2 = 3*s - 1, u = -4*s. Let p = s - -6. Calculate the greatest common factor of 35 and p.
7
Let b(c) = c + 4. Let a be b(-3). Let i be ((-1)/2)/(2/8). Let q be -1 - 0 - i - -3. Calculate the highest common factor of a and q.
1
Suppose -8 = 5*o + 2, -4*w - 4*o - 8 = 0. Suppose w = 3*n - 8*n + 45. What is the highest common divisor of 3 and n?
3
Let g(p) = -p**2 + 8*p - 9. Let b be g(7). Let a = b + 18. What is the highest common factor of a and 40?
8
Let w(u) = -u**2 - 4*u + 3. Let h be w(-4). Suppose 0 = -p + 3*p - 8, z = 2*p - h. Calculate the highest common divisor of z and 55.
5
Let u be (7/1 + -2)*117/45. What is the greatest common divisor of 13 and u?
13
Suppose -3 - 4 = -k. Calculate the greatest common factor of 7 and k.
7
Let a = -206 - -311. Calculate the greatest common divisor of a and 21.
21
Let w = 19 + -18. Calculate the greatest common factor of w and 4.
1
Suppose -107 = -3*q - l + 6*l, 86 = 2*q + 4*l. Let s = -26 + q. What is the highest common factor of 117 and s?
13
Let b = -130 + 152. Calculate the greatest common factor of 2 and b.
2
Suppose -2*r + r + 7 = 3*g, 2*r - 4*g = 34. What is the highest common divisor of 65 and r?
13
Suppose 48 - 244 = -7*x. What is the greatest common divisor of 28 and x?
28
Let x(i) = i**3 + 7*i**2 + 3*i - 3. Let w be x(-6). Calculate the greatest common divisor of w and 165.
15
Suppose 3*h - h + 25 = 3*o, 0 = 2*o - 4*h - 6. Calculate the greatest common divisor of o and 11.
11
Let x be ((-45)/(-36))/(1/44). What is the greatest common divisor of 440 and x?
55
Let v be (-15)/5 + 58 + -4. What is the greatest common divisor of v and 153?
51
Let i be ((-70)/(-2) + -1)/2. Calculate the greatest common divisor of 187 and i.
17
Suppose 2*f - 3 - 31 = 0. Suppose f = -5*t + 67. Let r be (-3)/(-12) - 238/(-8). Calculate the highest common factor of r and t.
10
Suppose 2*w - 4*p = 0, 3*w + 0 = -4*p + 10. Let j(a) = 7*a**3 + 3*a**2 - 2*a + 1. Let t be j(w). Calculate the highest common divisor of t and 26.
13
Let s = 131 - 43. What is the greatest common factor of s and 22?
22
Suppose -3*i = -187 - 143. Let l be 3 + -3 + (-8)/(-2). Suppose -l*z + i = -2*z. What is the highest common divisor of 22 and z?
11
Suppose 2*z - 6*z = -20. Let j be (-12)/18 - (-94)/6. Let w = 0 + j. Calculate the greatest common factor of w and z.
5
Suppose 2*l = 4*s + 320, 4*l + 0*s = 4*s + 628. Suppose -4*c = 5*n - 0*n - 36, 4*c = -n + 52. What is the greatest common divisor of l and c?
14
Let d be -3*1 + 25/5. Let w(v) = 2*v**2 + 2. Let r be w(d). Calculate the greatest common divisor of r and 25.
5
Suppose 4*i + 4*j = 72, 3*i + j - 89 + 27 = 0. What is the greatest common divisor of i and 110?
22
Suppose -40 = -2*h + 4*y, -2*y = 4*h - 0*y - 70. Let c = -8 - -47. Let i = c - -6. Calculate the highest common divisor of h and i.
9
Let d(w) = -9*w**2 - 1. Let c be d(1). Suppose -4*h - 2*j = 510, 5*h + 0*h - 5*j = -630. Let k = c - h. Calculate the greatest common divisor of 13 and k.
13
Suppose 29 = 2*q - 5*h - 0, 3*h = 9. What is the greatest common factor of 55 and q?
11
Let i = -18 - -33. Calculate the highest common divisor of i and 165.
15
Suppose -228 = -3*p + w + 3*w, p + 4*w = 92. Let r(v) = v - 5. Let n be r(8). Suppose -a + p = n*a. What is the highest common factor of 50 and a?
10
Let g(f) = 4*f + 1. Let t be g(-1). Let w be (-65)/t - (-2)/(-3). Suppose -33*d - 28 = -37*d. Calculate the highest common divisor of w and d.
7
Suppose 951 - 167 = 7*z. Calculate the highest common divisor of z and 14.
14
Suppose 3*k = -n - 6, -6 = -2*n + k + 2*k. Suppose -4*c - 5*x + 0*x + 16 = n, 0 = x. Calculate the greatest common factor of c and 28.
4
Let b(w) = 3*w**2 - w + 1. Let q = 1 - 0. Let u be b(q). Calculate the greatest common factor of u and 21.
3
Suppose 165 = -12*w + 15*w. Suppose -6*l = -3*l. Suppose -10 = -2*d - l. What is the highest common factor of w and d?
5
Let c be (-2)/(-5) - (-6)/(-15). Suppose c*x + 4*p + 325 = 5*x, -3*p + 195 = 3*x. What is the greatest common factor of 13 and x?
13
Let c be (-52)/13 - 27*-2. What is the highest common factor of c and 20?
10
Let g(x) = 21*x - 5. Let n be g(1). Calculate the greatest common factor of 16 and n.
16
Let c = 58 + -88. Let d = c - -114. Let x(g) = g + 6. Let a be x(6). What is the highest common divisor of d and a?
12
Let h = 3 + 0. Suppose -4*c + 4*y + y + 51 = 0, -h = c + 4*y. What is the greatest common divisor of 63 and c?
9
Let o = -1 - -6. Suppose 2*a - 66 = -r, -r - 192 + 34 = -o*a. Calculate the highest common factor of a and 48.
16
Let v be (12/(-5))/((-2)/10). What is the greatest common di